(6)?
146
Let m(x) = -665*x + 13296. Calculate m(20).
-4
Let k(c) = 11*c**2 + 217*c - 734. Determine k(3).
16
Let v(t) = -t**3 - 10*t**2 + 24*t - 85. What is v(-13)?
110
Let j(n) = -n**3 + n**2 + 11*n + 51. Calculate j(7).
-166
Let d(l) = 169*l - 135. What is d(0)?
-135
Let o(v) = -4*v**3 - 28*v**2 + 3*v + 19. Calculate o(-7).
-2
Let c(h) = -h**3 - 38*h**2 - 69*h + 110. Calculate c(-36).
2
Let m(l) = l**3 + 15*l**2 - 11*l + 97. Determine m(-16).
17
Let d(p) = 30*p**2 + 8. Determine d(3).
278
Let k(t) = -t**3 - 36*t**2 - 106*t - 235. Determine k(-33).
-4
Let o(b) = 8*b**2 + 149*b - 444. Determine o(3).
75
Let i(s) = s**2 - 27*s - 476. Give i(-12).
-8
Let l(d) = -50*d**2 - 653*d - 34. Give l(-13).
5
Let u(a) = a**2 - 3*a - 8. What is u(14)?
146
Let h(o) = o**3 - 25*o**2 - 448*o + 83. Calculate h(37).
-65
Let a(s) = 39*s - 454. Calculate a(11).
-25
Let c(w) = -w**3 + 19*w**2 - 72*w + 28. Determine c(14).
0
Let l(o) = -32*o + 1. Calculate l(-10).
321
Let c(q) = 7*q**3 - 4*q**2 + 11*q - 16. Determine c(5).
814
Let i(t) = -179*t - 8239. What is i(-46)?
-5
Let n(v) = 7*v + 79. Give n(-16).
-33
Let u(k) = k**3 - 37*k**2 + 328*k + 46. What is u(22)?
2
Let c(r) = 6*r**3 + 17*r**2 - 6*r + 41. Calculate c(-6).
-607
Let i(s) = 69*s + 1109. Calculate i(-16).
5
Let n(h) = h**3 - 5*h**2 - 113*h + 3. Determine n(13).
-114
Let c(w) = 86*w + 3925. Determine c(-46).
-31
Let b(j) = -j**2 - 5*j + 8904. Calculate b(-97).
-20
Let c(s) = -188*s + 13169. Determine c(70).
9
Let d(m) = 2*m**3 + 66*m**2 - 36*m + 141. Give d(-34).
-947
Let n(d) = d**3 - 10*d**2 - d - 12. Determine n(12).
264
Let g(r) = r**3 + 51*r**2 + 333*r + 185. Calculate g(-7).
10
Let y(p) = -11*p**2 + 41. Give y(6).
-355
Let c(p) = p**2 - 64*p + 873. What is c(17)?
74
Let o(n) = -4*n**2 - 462*n + 834. Calculate o(-117).
132
Let f(w) = -19*w + 1706. What is f(91)?
-23
Let v(x) = 230*x + 1602. What is v(-7)?
-8
Let j(i) = i**3 - 11*i**2 - 16*i - 5. Determine j(-1).
-1
Let p(v) = -5*v + 6. What is p(2)?
-4
Let r(j) = j**3 + 8*j**2 + 11*j - 4. Give r(-3).
8
Let t(z) = 22*z + 496. What is t(-24)?
-32
Let r(k) = -32*k - 548. Calculate r(-15).
-68
Let l(k) = -18*k + 90. What is l(5)?
0
Let q(f) = 3*f - 115. Calculate q(32).
-19
Let i(f) = -f**3 - 67*f**2 + 121*f + 3596. What is i(-68)?
-8
Let z(x) = -3*x + 292. Calculate z(-22).
358
Let s(n) = -4*n**3 + 61*n**2 + 119*n + 16. What is s(17)?
16
Let k(m) = 2*m**3 - 43*m**2 + 60*m + 5. What is k(20)?
5
Let z(n) = 378*n - 5248. What is z(14)?
44
Let x(r) = r**3 + 138*r**2 - 1011*r - 32. Give x(7).
-4
Let o(i) = -i**3 - 81*i**2 + 5*i + 399. What is o(-81)?
-6
Let p(y) = 214*y + 4719. What is p(-22)?
11
Let o(f) = -74*f + 215. What is o(3)?
-7
Let j(m) = m**3 + 108*m**2 + 2288*m - 220. Determine j(-79).
17
Let g(b) = -b**3 - 2*b**2 + 351*b - 3. Give g(18).
-165
Let d(g) = -g**2 + 67*g + 400. Calculate d(-6).
-38
Let r(h) = -2*h**3 - 13*h**2 + 25*h - 8. Determine r(-8).
-16
Let d(h) = h**3 - 46*h**2 + 47*h - 107. What is d(45)?
-17
Let p(b) = 2*b**3 - 6*b**2 - 9*b + 12. Give p(7).
341
Let y(h) = 7*h**2 - 177*h + 67. Determine y(25).
17
Let j(d) = -49*d + 25. Determine j(3).
-122
Let a(t) = 10*t**2 + 145*t - 71. What is a(-15)?
4
Let v(q) = -4*q**2 + 27*q - 50. Determine v(3).
-5
Let u(j) = 3006*j - 48092. Determine u(16).
4
Let p(r) = r**3 - 9*r**2 - 3*r + 11. What is p(6)?
-115
Let k(d) = -d**3 + 15*d**2 - 90*d + 394. What is k(10)?
-6
Let p(s) = -146*s + 577. Determine p(4).
-7
Let i(p) = p**3 - 8*p**2 - 65*p + 494. Calculate i(9).
-10
Let n(y) = -y**3 - 37*y**2 - 2*y - 53. What is n(-37)?
21
Let a(i) = -2*i**2 - 9*i - 35. What is a(-8)?
-91
Let u(q) = -q**2 - 50*q + 1830. Give u(23).
151
Let f(g) = 97*g + 1470. Determine f(-15).
15
Let w(j) = -j**3 - 2*j**2 + j + 22. Calculate w(-2).
20
Let l(m) = 3*m**2 - 43*m - 826. What is l(25)?
-26
Let f(k) = 4*k**2 - 680*k - 6440. Give f(179).
4
Let m(z) = -4*z**3 - 31*z**2 - 8*z - 125. What is m(-8)?
3
Let w(h) = -h**3 - 17*h**2 - 21*h + 23. Calculate w(-15).
-112
Let t(r) = r**2 - 32*r + 260. Give t(18).
8
Let z(i) = 118*i - 714. Calculate z(6).
-6
Let u(f) = 25*f + 279. Give u(-11).
4
Let b(o) = -128*o - 2681. Determine b(-21).
7
Let o(u) = -8*u**2 - 186*u + 141. What is o(-24)?
-3
Let c(y) = y**2 - 9*y - 26. Give c(6).
-44
Let m(h) = -h**3 - 16*h**2 - 27*h + 12. Give m(-14).
-2
Let o(h) = h**3 + 7*h**2 + 58*h + 263. Give o(-5).
23
Let d(p) = 30*p**2 - 82*p + 19. Give d(6).
607
Let q(y) = -y**2 + 57*y + 588. Calculate q(-9).
-6
Let d(t) = t**2 + 44*t + 336. Determine d(-10).
-4
Let p(k) = k**2 - 26*k - 602. Give p(47).
385
Let n(w) = -5*w**3 + 6*w**2 - 10*w + 8. Determine n(2).
-28
Let n(x) = 28*x + 1563. Determine n(-57).
-33
Let c(j) = -4*j**2 + 44. Give c(0).
44
Let d(l) = -79*l + 187. Calculate d(4).
-129
Let l(a) = 5*a**2 - 721*a + 1443. What is l(2)?
21
Let f(c) = -c**3 - 81*c**2 + 2652*c + 231. What is f(-106)?
19
Let o(m) = m**3 - 112*m**2 - 224*m - 427. Calculate o(114).
29
Let s(l) = -9511*l**2 - 38045*l - 9. What is s(-4)?
-5
Let h(x) = 7*x**2 - 3*x + 10. Determine h(2).
32
Let t(p) = 6*p**2 + 27*p + 127. Give t(-4).
115
Let b(j) = -j**3 + 9*j**2 - 9*j + 2. Give b(7).
37
Let r(d) = d**3 + 19*d**2 - 90*d - 7. Calculate r(4).
1
Let j(l) = 8*l**2 + 87*l + 2. Determine j(-12).
110
Let x(o) = o**3 - 8*o**2 + 91*o - 936. Determine x(9).
-36
Let h(s) = 4*s**3 - 61*s**2 + 26*s - 141. Give h(15).
24
Let n(j) = -j**2 + j + 92. What is n(-11)?
-40
Let y(c) = -3*c**2 - 17*c + 28. Determine y(2).
-18
Let k(d) = -71*d - 1516. What is k(-21)?
-25
Let j(d) = 24*d - 19. Give j(8).
173
Let n(u) = 27*u + 262. What is n(-7)?
73
Let b(s) = 83*s - 21. Give b(0).
-21
Let m(j) = 72*j + 584. Calculate m(-7).
80
Let l(s) = -45*s**2 - 5*s + 6. Give l(1).
-44
Let b(r) = 2*r**2 + 92*r - 15. Determine b(-46).
-15
Let b(n) = -n**2 + 9*n + 148. What is b(-12)?
-104
Let i(q) = q**3 + 19*q**2 + 36*q - 23. Determine i(-15).
337
Let a(v) = v**2 - 1118*v - 6740. Give a(-6).
4
Let s(w) = 14*w**2 - 86*w - 3. Calculate s(6).
-15
Let z(r) = -21*r + 591. Calculate z(29).
-18
Let t(x) = 6*x**3 + 23*x**2 + 13*x + 100. Calculate t(-5).
-140
Let o(b) = 4*b**2 + 122*b + 31. What is o(-30)?
-29
Let t(j) = 9*j**2 - 239*j + 1591. Give t(13).
5
Let g(n) = -n**3 + 19*n**2 - 76*n - 24. Calculate g(13).
2
Let y(h) = 146*h**3 - 2*h**2 + 2*h + 3. Determine y(-1).
-147
Let w(h) = 33*h - 273. Give w(7).
-42
Let w(k) = -k**3 + 7*k**2 - 80*k + 278. Determine w(4).
6
Let k(w) = w**3 - 20*w**2 + 134*w - 469. Give k(12).
-13
Let t(k) = 54*k + 110. Determine t(-11).
-484
Let s(f) = -392*f - 1544. Calculate s(-4).
24
Let m(l) = -3*l**2 - 5*l + 90. What is m(7)?
-92
Let a(j) = -2*j**2 - 119*j - 1595. What is a(-24)?
109
Let l(u) = 2*u**3 - 31*u**2 + 34*u + 721. What is l(11)?
6
Let b(d) = 7*d**2 + 59*d - 63. What is b(-11)?
135
Let k(s) = s**2 + 47*s + 169. Calculate k(-5).
-41
Let t(b) = b**3 - 10*b**2 - 29*b + 34. Determine t(12).
-26
Let t(x) = 2405*x + 24051. Give t(-10).
1
Let o(r) = r**2 - 22*r + 138. Determine o(9).
21
Let f(h) = -h**3 + 48*h**2 + 1025*h - 194. What is f(64)?
-130
Let a(g) = 445*g**3 + 3*g**2 + 4*g + 3. Give a(-1).
-443
Let h(f) = f**3 + 47*f**2 + 312*f + 4. What is h(-39)?
4
Let v(g) = 4*g**2 + 236*g + 3189. Calculate v(-21).
-3
Let i(t) = -t**2 - 34*t + 1. Calculate i(-8).
209
Let v(x) = -x**2 - 18*x + 116. Determine v(-19).
97
Let d(i) = -4*i**2 + 22*i - 42. What is d(9)?
-168
Let o(f) = 4*f**2 - 15*f - 64. Calculate o(-4).
60
Let j(l) = -63*l + 230. Determine j(4).
-22
Let c(g) = 11*g**2 + 17*g + 15. Give c(-1).
9
Let a(r) = 434*r + 1368. Determine a(-3).
66
Let a(m) = 5*m**2 - 53*m + 17. Give a(-9).
899
Let n(k) = 126*k**2 - 7*k + 6. What is n(1)?
125
Let v(b) = b**3 - 53*b**2 + 703*b + 55. Determine v(25).
130
Let o(s) = -362*s + 15560. What is o(43)?
-6
Let q(u) = -u**3 - 28*u**2 + 480*u - 7. Give q(-40).
-7
Let k(r) = r**3 + 100*r**2 - 638*r - 4. What is k(6)?
-16
Let s(d) = 87*d**2 + 10689*d - 1484. Determine s(-123).
-8
Let a(f) = f**2 - 75*f + 1402. Calculate a(34).
8
Let n(z) = -z**2 + 64*z + 835. Calculate n(-11).
10
Let m(d) = d**3 - 9*d**2 + 28*d - 30. Determine m(6).
30
Let q(r) = 2*r + 29. Give q(24).
77
Let v(s) = s**3 - 16*s**2 - 2*s + 62. Determine v(16).
30
Let p(w) = 47*w**2 + 847*w - 859. What is p(-19)?
15
Let q(c) = c**3 +